est common divisor of 216 and 862128?
72
Calculate the greatest common divisor of 437294 and 182.
26
Calculate the greatest common factor of 150 and 8230.
10
Calculate the greatest common factor of 64552 and 16.
8
Calculate the greatest common factor of 64 and 724.
4
What is the greatest common divisor of 135392 and 1248?
32
What is the highest common factor of 314788 and 60?
4
Calculate the greatest common divisor of 4416 and 1587.
69
Calculate the greatest common divisor of 23 and 273401.
23
Calculate the highest common factor of 333750 and 70.
10
What is the highest common divisor of 1234 and 511493?
617
What is the highest common factor of 24560 and 50?
10
What is the greatest common factor of 216 and 13476?
12
Calculate the greatest common divisor of 90 and 332520.
30
Calculate the highest common factor of 675796 and 704.
44
What is the highest common factor of 589 and 287831?
19
Calculate the highest common factor of 30 and 143835.
15
Calculate the highest common factor of 21 and 2368779.
21
What is the greatest common factor of 32028 and 289?
17
What is the greatest common divisor of 29 and 218689?
29
Calculate the greatest common factor of 292890 and 6.
6
What is the greatest common factor of 96 and 350232?
24
What is the greatest common divisor of 187 and 102?
17
Calculate the highest common factor of 27940 and 5500.
220
What is the greatest common factor of 182464 and 64?
64
What is the highest common divisor of 201725 and 100?
25
Calculate the highest common divisor of 10282 and 6790.
194
Calculate the greatest common divisor of 19726 and 294.
14
Calculate the highest common divisor of 2099592 and 363.
363
Calculate the greatest common divisor of 331 and 137696.
331
Calculate the highest common divisor of 4 and 309651.
1
What is the highest common factor of 14672 and 245?
7
Calculate the highest common factor of 1462155 and 15.
15
What is the greatest common factor of 31598 and 12950?
518
What is the greatest common factor of 226909 and 309?
103
Calculate the greatest common factor of 121 and 110836.
121
What is the highest common divisor of 3185000 and 490?
490
What is the greatest common divisor of 203 and 11221?
7
What is the greatest common factor of 71371 and 31135?
479
What is the greatest common factor of 339622 and 94?
94
What is the greatest common factor of 526968 and 117?
117
What is the highest common divisor of 16016 and 528?
176
Calculate the highest common divisor of 6178830 and 21.
21
What is the greatest common divisor of 1479 and 39?
3
Calculate the greatest common divisor of 30 and 29955.
15
Calculate the greatest common factor of 26036 and 324.
4
What is the greatest common divisor of 302534 and 14624?
914
What is the highest common divisor of 3041980 and 389?
389
What is the greatest common divisor of 14824 and 13056?
136
What is the highest common factor of 449829 and 2265?
453
What is the highest common factor of 551728 and 16?
16
What is the highest common factor of 4351285 and 326?
163
Calculate the highest common divisor of 513 and 7857.
27
What is the greatest common factor of 11304 and 120?
24
What is the greatest common divisor of 1 and 20950?
1
Calculate the greatest common factor of 2745 and 3591.
9
Calculate the greatest common factor of 33 and 5126.
11
What is the greatest common factor of 217978 and 146?
146
Calculate the highest common factor of 3072 and 14256.
48
What is the greatest common factor of 323176 and 2030?
406
Calculate the greatest common divisor of 299 and 27922.
23
Calculate the greatest common factor of 3825 and 1360.
85
What is the greatest common divisor of 40 and 6236?
4
What is the highest common factor of 199 and 117410?
199
Calculate the greatest common divisor of 254 and 90805.
127
What is the highest common factor of 1240 and 824?
8
What is the highest common divisor of 798 and 336?
42
What is the greatest common divisor of 121 and 10912?
11
Calculate the greatest common divisor of 1080 and 3170.
10
What is the highest common factor of 7843532 and 1108?
1108
Calculate the highest common factor of 32856 and 1110.
222
What is the highest common factor of 165 and 72897?
33
What is the highest common factor of 59 and 216707?
59
What is the greatest common factor of 16 and 3533656?
8
Calculate the greatest common factor of 156 and 258180.
156
Calculate the greatest common divisor of 45 and 2275.
5
Calculate the greatest common factor of 888029 and 51.
17
Calculate the highest common factor of 1825 and 14965.
365
Calculate the highest common divisor of 4730 and 32293.
43
What is the highest common factor of 116 and 2341866?
58
What is the highest common factor of 1930 and 8?
2
What is the highest common divisor of 19760 and 10?
10
Calculate the greatest common divisor of 41661 and 189.
27
What is the greatest common divisor of 7776 and 17442?
54
Calculate the greatest common divisor of 705 and 3537.
3
Calculate the greatest common divisor of 3978 and 73814.
442
Calculate the greatest common factor of 15930 and 3240.
270
Calculate the highest common divisor of 96 and 79584.
96
Calculate the highest common divisor of 1332 and 7092.
36
What is the greatest common factor of 28853 and 387?
43
Calculate the greatest common divisor of 183831 and 348.
87
What is the highest common factor of 5125 and 72201?
41
Calculate the highest common divisor of 3577 and 315068.
73
What is the highest common factor of 17408865 and 3030?
1515
What is the greatest common divisor of 106338 and 6438?
222
What is the highest common divisor of 387 and 312?
3
Calculate the highest common factor of 320 and 7670.
10
Calculate the greatest common factor of 22788 and 8229.
633
What is the highest common factor of 1 and 13209?
1
What is the greatest common factor of 654 and 294?
6
What is the highest common factor of 6860 and 2539180?
980
Calculate the highest common factor of 1 and 31991.
1
What is the greatest common factor of 16748 and 2528?
316
What is the greatest common factor of 3185 and 77?
7
What is the greatest common divisor of 46 and 14743?
23
Calculate the highest common factor of 333 and 531.
9
Calculate the greatest common factor of 1930 and 195509.
193
Calculate the highest common divisor of 1128 and 190491.
141
Calculate the greatest common factor of 108110 and 10450.
190
Calculate the highest common divisor of 3170 and 270.
10
Calculate the highest common divisor of 71 and 14697.
71
Calculate the greatest common factor of 114 and 569354.
38
What is the greatest common factor of 1296 and 193266?
162
Calculate the highest common divisor of 3192 and 1610364.
1596
What is the greatest common factor of 116 and 9762676?
116
Calculate the highest common factor of 135 and 120195.
45
Calculate the greatest common factor of 1308 and 3786.
6
What is the highest common divisor of 624648 and 4?
4
Calculate the greatest common factor of 243 and 198.
9
What is the greatest common divisor of 34956 and 96?
12
What is the greatest common factor of 496 and 1024?
16
Calculate the greatest common divisor of 25 and 164275.
25
What is the greatest common divisor of 200 and 143800?
200
What is the greatest common divisor of 5589 and 43254?
243
What is the greatest common divisor of 26143 and 65?
13
What is the greatest common divisor of 243 and 54?
27
Calculate the greatest common factor of 1373238 and 372.
186
Calculate the highest common divisor of 12918 and 300.
6
What is the highest common divisor of 250761 and 112?
7
What is the greatest common divisor of 138 and 46?
46
What is the highest common factor of 4331832 and 24?
24
Calculate the greatest common divisor of 904 and 43166.
226
What is the highest common divisor of 22 and 333542?
22
Calculate the highest common factor of 86 and 141341.
43
What is the highest common factor of 108621 and 149?
149
What is the greatest common divisor of 2352 and 3087?
147
What is the highest common divisor of 12696 and 9000?
24
Calculate the greatest common factor of 63 and 478723.
7
What is the highest common divisor of 668109 and 4329?
1443
What is the greatest common divisor of 336 and 1320144?
336
Calculate the highest common factor of 106792 and 1652.
28
Calculate the greatest common factor of 868 and 1253.
7
What is the greatest common divisor of 29228 and 12?
4
Calcul